t of j(q)?
3
Suppose -2*i - 7 = -17. Let u(b) = 4*b**2 - 3*b - 3. What is the units digit of u(i)?
2
Suppose 5*n + 3*y = 3, 3*n - 9*y + 4 = -5*y. Suppose n = 2*p - 41 + 7. What is the units digit of p?
7
Let f = -65 + 212. What is the units digit of f?
7
Let g = 1486 + 1641. What is the hundreds digit of g?
1
Suppose 23*f = 11*f + 65160. What is the thousands digit of f?
5
Let z be (-276)/2*(10/4 + -3). Suppose 8*k + z = 9*k. What is the tens digit of k?
6
Suppose 5*h = -4*x + 1199, 2*x - 601 = 11*h - 14*h. What is the tens digit of x?
9
Suppose -3*d = u - 2642, 5*d - 6504 = 4*u - 2129. What is the hundreds digit of d?
8
Let y = 376 - -1519. What is the tens digit of y?
9
Suppose 67*u + 68*u - 587115 = 0. What is the thousands digit of u?
4
Let o(k) = 5*k + 24. Let p be o(-6). What is the tens digit of p/9 - (-800)/12?
6
Suppose 22*f = 4*f + 49086. What is the units digit of f?
7
Let b(t) = 42*t + 2. Let p be b(-1). Let q be 46/10 - 16/p. Suppose -a - 103 = -5*d, -q*d + 4*a + 99 = -13. What is the tens digit of d?
2
Let h(p) = 67*p**2 + 1. Let a be (-4)/(-3) + (-5)/15. Let w be h(a). Let k = w + -39. What is the units digit of k?
9
Let i = -1452 - -2151. What is the hundreds digit of i?
6
Suppose -76*p + 25344 = -52*p. What is the hundreds digit of p?
0
Suppose -24*t = -12*t - 27372. What is the units digit of t?
1
Suppose -5*u = -2*o + 56 + 72, -u - 5*o = 31. Let t(g) = g**3 - 13*g**2 + 43. Let d be t(13). Let j = d + u. What is the tens digit of j?
1
Suppose -3*p + 1 = -4*p. Let d be (-1 + -2)/p - 0. Suppose 227 = 5*m - d*r, 5*m - r - 67 = 152. What is the tens digit of m?
4
Let m be -5*(16/6)/((-15)/(-9)). What is the tens digit of m/((-48)/553) + 2/(-12)?
9
Let y(d) = 43*d**2 + 5*d + 25. What is the units digit of y(-3)?
7
Suppose 7875 + 1260 = 21*z. What is the tens digit of z?
3
Let f(i) = -i + 10. Let g be f(8). Suppose g*t = 5*t - 60. Suppose -2*j + t = -8. What is the units digit of j?
4
Suppose -2*j = 3*j, -3*m = j - 21. What is the units digit of ((-3)/6)/(m/(-1834))?
1
Suppose 2*s - 13 = -5. Suppose -2*v + 200 = 3*v - 5*g, 0 = -s*g - 4. What is the tens digit of v?
3
Suppose j - 29 = t, 2*j - 14 = -5*t + 16. Let n = 35 + j. What is the units digit of n?
0
Let g be (17/(-34))/(2/(-5448)). What is the hundreds digit of (-2)/(-44)*4 + g/11?
1
Let i = 9 + 44. Let g = 55 - i. What is the units digit of g?
2
Let g be (-62)/15 - (-10)/75. Let r(h) = 6 + 4*h**3 + 7*h + 0*h + h**2 - 5*h**3. What is the units digit of r(g)?
8
Suppose 18*g - 12 = 14*g. Let a = 11 + g. Suppose -2*v - a = -46. What is the tens digit of v?
1
What is the hundreds digit of -3*(-29 - 2)*(-70)/(-6)?
0
Let p = -1478 - -2252. What is the tens digit of p?
7
Let d(f) = -f**3 - 12*f**2 - 11*f + 4. Let v be d(-11). Suppose -v*q = -3*q - 64. What is the tens digit of q?
6
Suppose 5*n = -258 + 2673. What is the hundreds digit of n?
4
Suppose 4*k - 2*k - 8 = 0. Suppose -k*u = u - 495. What is the tens digit of u?
9
Let i(r) = r - 1. Let d be i(1). Let u be -1 + d + -2 - -2. What is the units digit of (u - 1)/(1/(-8))?
6
Let g = 42 + -43. What is the hundreds digit of (204 - g)*(-12)/(-12)?
2
Suppose -4*t - 110 = -5*t. Suppose h + 4*h = 10, -4*q + 5*h = -t. Suppose 5*f - q = 4*x, -f + 5*f = 2*x + 24. What is the units digit of f?
6
Let u(d) = -d**3 - 4*d**2 + 10*d + 35. What is the tens digit of u(-11)?
7
Let c be (-400)/(-32) + (-2)/(-4). Suppose g - c = 5. What is the units digit of g?
8
Let p be (234/(-91))/((-1)/(-7)). Let b be ((-52)/8 + 1)*p. Let u = -66 + b. What is the tens digit of u?
3
Suppose 6*p + w - 20 = 3*p, 4*w - 8 = 0. Suppose j = p*j - 820. What is the units digit of j?
4
Let u = 441 + -371. What is the tens digit of u?
7
Suppose -5*i + m - 432 = 5*m, 5*i + 3*m = -434. Let f = i + 153. What is the tens digit of f?
6
What is the units digit of (-2146)/(-18) + 8/(-36)?
9
Let v(w) = -69*w - 203. What is the hundreds digit of v(-5)?
1
Let h(b) = b**2 + 7*b - 32. Let j be h(6). Suppose -3*v - 4*l = -26 - j, -3*v + 5*l = -99. What is the tens digit of v?
2
What is the tens digit of (-24)/(-3) + 3 + (4 - 0)?
1
Suppose 100 = 3*v + 4*l, 0 = -v - l + 4*l + 29. Suppose -16 - v = -3*c. Suppose -4*q + c = -148. What is the units digit of q?
1
Let s = -142 - -145. What is the tens digit of (-1)/(4970/(-1655) + s)?
3
Let a(w) = -w**2 - 10*w + 22. Let b(o) = 2*o**2 + 19*o - 45. Let y(t) = 5*a(t) + 2*b(t). Let v be y(-11). Let n = v + -16. What is the units digit of n?
5
What is the units digit of 10/60*30 + 694?
9
Let h(u) = -u**3 - 4*u**2 + 7*u - 1. Let q be h(-6). Let c = 8 + q. Let l = c + -17. What is the units digit of l?
0
Suppose 0 = -4*o - 35 + 3. Let k be (-4)/(-3)*(-264)/o. Let j = k - 24. What is the tens digit of j?
2
Let q = -15 + 10. What is the tens digit of (20 - q) + -3 - (2 - 1)?
2
Let s = 8381 + -4227. What is the hundreds digit of s?
1
Let a(p) = -2*p**3 + p**2. Let k be a(-1). Suppose -k*x = 5*q - 337, q - 87 = 3*x - 16. What is the tens digit of q?
6
Let x = -353 + 769. What is the tens digit of x?
1
Let k = -13 + 15. Suppose k*d + 6 = 2. What is the units digit of 1/d - 42/(-4)?
0
Let r = -97 - -33. Let j be (1 + 1 - r) + 1. Suppose 4*m - 29 = j. What is the units digit of m?
4
Suppose -257 - 19658 = -5*a + 5*v, 2*a - v - 7966 = 0. What is the hundreds digit of a?
9
Let y be -1 - 12/(-4) - 6. Let u = y + 5. Suppose -q - u = -5. What is the units digit of q?
4
Let h = 68 + -278. What is the units digit of (-40)/(-30)*h/(-4)?
0
Suppose 7*x - 144 = -2*x. Suppose x*u - 400 = 12*u. What is the hundreds digit of u?
1
Suppose 0 = -6*b + 3*b + 75. What is the units digit of b?
5
Let j(x) = 3*x**2 - 30*x + 11. What is the hundreds digit of j(-12)?
8
Let r(s) = 3*s**2 - s - 4. Let m be r(2). Let n = -1 + m. Suppose -n*i + 47 = -48. What is the units digit of i?
9
Let i = -2669 + 4971. What is the thousands digit of i?
2
What is the tens digit of 996*(-5 - (-55)/10)?
9
Let p(r) = -r**3 + 2*r**2 + 5. Let h be (-8)/(-44) - (-2)/(-11). Let c be p(h). Suppose -2*z - c*d - 6 + 123 = 0, 164 = 3*z - 4*d. What is the units digit of z?
6
Let t(a) = a**3 + 23*a**2 - 86*a + 18. What is the units digit of t(-26)?
6
Suppose -4*a + 3164 = 4*n, -7*n - 3176 = -4*a - 5*n. What is the units digit of a?
3
Suppose 0 = -75*c + 82*c - 336. Suppose 2*q + 4*m - 13 = -3, -2*q - 2*m = -20. What is the units digit of (0 - c/(-20))*q?
6
Let i be 10 + (11 - 6) - 6. Suppose 5*l = 13 + 37. Suppose -l*o + 51 = -i*o. What is the tens digit of o?
5
Let s(v) = -v**3 + 2*v**2 + v - 1. Let m be s(2). Let g(y) be the first derivative of 20*y**3 + y**2/2 - y + 6. What is the tens digit of g(m)?
6
Suppose 3*j - 24 = -4*d, -4*j + 4*d = -0*j - 4. Suppose 545 = 4*h + h - j*b, -2*b + 10 = 0. What is the hundreds digit of h?
1
What is the units digit of 6 + (-175)/28 - (-2445)/4?
1
Suppose 317 = 5*h - 2*c, h - 46 - 23 = -c. What is the tens digit of h?
6
Suppose -5*o = 3*h - 873, 0*o + 5*o - 2*h - 893 = 0. What is the hundreds digit of o?
1
Suppose -5*j + 14 + 6 = 0. Let d = -289 + 293. What is the units digit of 53 - (j + 4)/d?
1
Suppose -950*d + 953*d = 11151. What is the tens digit of d?
1
Suppose -4*b = f - 16, -3*b + 5 = -4*f + 3*f. Suppose p = -b*p + 20. Suppose -4*o + 99 = p*d - 0*o, 93 = 5*d - 2*o. What is the units digit of d?
9
What is the hundreds digit of (-280)/(-350) - (-2651)/5?
5
Let p be (-80)/(-50) - (-2)/5. Suppose -1 - 3 = -4*b + 2*g, -p = -4*b + g. Suppose -d + 27 + 0 = b. What is the tens digit of d?
2
Let y(n) = -537*n**3 + 2*n**2 + 2*n. What is the hundreds digit of y(-1)?
5
Let k(y) = -y**3 + 6*y**2 - 6*y + 10. Let u be k(5). Suppose 13 = u*o - 112. What is the units digit of o?
5
Suppose 3*d = -5*z + 6152, 22*z - 4*d = 24*z - 2458. What is the hundreds digit of z?
2
Suppose -3*r + 747 = 2*f, 0*f + 3 = f. Suppose 5*m + 2*v = r, -m - 5*v + 28 + 26 = 0. Suppose -2 - m = -3*x. What is the units digit of x?
7
Let t = 2 + 2. Let f(h) = -h + 13. Let b be f(8). Suppose -6 = 3*j, b*w + 6*j - 156 = t*j. What is the units digit of w?
2
Let z(y) = -y**3 + 6*y**2 - 3*y - 2. Let l be z(3). Suppose 3*k = 4*i + 7*k - l, k - 12 = -5*i. What is the units digit of i?
2
Suppose -17*w + 20*w + 45 = 0. Suppose 0*h = -5*h + 135. Let r = w + h. What is the units digit of r?
2
Suppose -3*k + 2*g = -k